e a(-6). Let f be (-18)/(-2) + w - 2. Let j = -9 + f. What is the units digit of j?
1
What is the units digit of (-39)/(-15) + 8/20?
3
Let l(p) = 14*p**2 - 5*p. Let v(z) be the third derivative of z**4/24 - 2*z**2. Let x(m) = l(m) + 4*v(m). What is the tens digit of x(1)?
1
Suppose -517 = -5*z + 1613. What is the tens digit of z?
2
Suppose 3*q - 2 = 7. What is the tens digit of (-2)/(-5 + q) + 9?
1
Suppose -6*p = -0*p - 132. What is the tens digit of (-6)/33 - (-796)/p?
3
Let j be ((-162)/(-12))/((-3)/4). Let p = -10 - j. What is the units digit of p?
8
Suppose 3*t - 3*q = 416 + 1, 645 = 5*t + 5*q. What is the hundreds digit of t?
1
Suppose -3*q - 7 = -5*s - 23, 0 = -2*q + 2*s + 8. Suppose 4*b = -3*h + 53, q*b - 12 = 4*h - 2. What is the units digit of b?
1
Let l = 12 - 12. Suppose d - 18 = -l*d. What is the tens digit of d?
1
Let z(y) = y**2 + 6*y + 7. Let h be z(-8). Let u = h + -14. What is the units digit of u?
9
Suppose 0 = -25*y + 21*y + 788. What is the tens digit of y?
9
Suppose 1 + 9 = 2*p. What is the units digit of p?
5
Let i(t) = t - t**3 + 11*t**2 - 4*t**2 + 3*t**2 + 14. Let v be i(10). Suppose 4*k = k + v. What is the units digit of k?
8
Let s = 10 - -92. What is the units digit of s?
2
Suppose 2 = f + 4. Let z = f - -8. What is the units digit of (3/2)/(z/16)?
4
Let q = 55 - 28. Suppose q = h + 2*h. What is the units digit of 6 - (h/3 - 2)?
5
Let j(c) = -c - 4. Let o be j(-9). Suppose -b + o = -15. What is the tens digit of b?
2
Let j(m) be the first derivative of -m**3/3 - 7*m**2/2 + m + 1. What is the units digit of j(-6)?
7
Suppose 5*n = -0*n. Suppose n = -3*y + 5*y - 16. What is the units digit of 27/4*y/3?
8
Suppose -2*s = -5*s + 2*a + 10, 0 = 5*s - 3*a - 16. Let k = s + -2. Suppose -o + 3*o = 5*r - 96, k = -2*r + 3*o + 45. What is the tens digit of r?
1
Suppose 17 - 1 = p. What is the units digit of 7 + -3 + -1 + p?
9
Let l(m) = m**3 + 5*m**2 - 5*m + 8. Let p be l(-6). Suppose 0*z - z + 4*r = -2, -4*r - 4 = -p*z. Suppose 2*s - 28 = -z*s. What is the units digit of s?
7
Suppose 5*k = -5*l, 5*l + 7 = 2*k - 14. Let f = l - -8. What is the units digit of f?
5
Let u(p) = p - 10. Let d be 8 + (-3)/(-9)*0. Let v be u(d). What is the units digit of 1 + 9 + (-3 - v)?
9
Let x = -36 - -45. What is the units digit of x?
9
Suppose 9*j + 0*j = 297. What is the units digit of j?
3
Suppose 3*y - 9 - 24 = 0. What is the units digit of y?
1
Let p be (0 - 1)/(-1) + 1. Suppose -3*s + 4*f + 14 = 0, -p*s - f = 4*f + 29. What is the units digit of ((-4)/s)/(10/35)?
7
Suppose 2*d = -2*a + 22, -d - d + 28 = 4*a. Suppose d = z + z. What is the units digit of z?
4
Let r(t) = -t**2 + 6*t - 2. What is the units digit of r(5)?
3
Suppose 4*f = 5*f - 36. What is the tens digit of f?
3
Let m be (6/(-9))/((-4)/12). Suppose 5 + 1 = m*s. What is the units digit of s?
3
Let u(s) = -s**2 + 6*s + 2. Let k be u(6). Suppose k*g + 8 = 3*g. Let v = g - 1. What is the units digit of v?
7
Let c = 40 - 4. Suppose 0 = 4*x - x - c. What is the tens digit of x?
1
Let h be (-1 - 22/(-14))*7. Suppose 0*u - 80 = -h*u. What is the tens digit of u?
2
Let u = -60 - -92. What is the units digit of u?
2
Suppose -7 = -j + 10. What is the tens digit of j?
1
Let q(f) = -22*f. What is the units digit of q(-11)?
2
Suppose i - 64 = -5*b, 2*i + b - 68 = 6*b. What is the tens digit of i?
4
Suppose -2 - 10 = -3*g. Suppose -5*x = 3*u - 85, -g*u - 4*x + 25 = -91. What is the tens digit of u?
3
Suppose 4*r - 2*l + 14 = 0, -5*r - 5*l - 20 - 5 = 0. Let f = r + 10. What is the units digit of f?
6
What is the units digit of (-6027)/(-63) + 2/6?
6
Suppose -365 = t - 6*t. What is the tens digit of t?
7
Suppose 17 = -2*z - 1. Let p be (-1)/(((-12)/z)/(-4)). Suppose -v + p*g + 2 = 0, 0 = -2*v - 2*g + g + 4. What is the units digit of v?
2
Let g = -1 - -2. Suppose 16 = n - 5*j - g, -n = 5*j - 7. Suppose u = 4*u - n. What is the units digit of u?
4
Let j(g) = g - 2. Suppose -2*a = 2*r - 12, -5*r + 3*a = -6 - 16. What is the units digit of j(r)?
3
Suppose -b = m - 183, -358 = -3*m - b + 197. What is the units digit of m?
6
Suppose -2*t - c + 66 = -3*t, -2*t = -5*c + 138. Let p = -102 - t. What is the units digit of (-4)/18 - p/9?
4
Let m = 4 + -14. Let b be 5/m*(-10 + 0). Suppose -b*f - 6 = -46. What is the units digit of f?
8
Let s be (20/(-15))/(3/(-9)). Let r(p) = p**2 - p - 2. Let j be r(-5). Suppose i = -3*i - s*l + j, 0 = 4*i + 2*l - 28. What is the units digit of i?
7
Suppose 5*x - 3*g + 11 = x, 0 = -5*g + 25. Let d be (0 + 2)/(x/7). What is the units digit of (d/(-6))/((-1)/3)?
7
Let h = -80 + 299. What is the tens digit of h?
1
Let r(i) be the first derivative of i**4/4 - 2*i**3 + 3*i**2 + 2*i + 6. Let x(q) = 6*q - 1. Let p be x(1). What is the units digit of r(p)?
7
Suppose -157 = -5*m + 8. Let b be 40/(-15)*15/(-2). Suppose -3*x + m = s, -2*s - b = 5*x - 75. What is the units digit of x?
1
Let p = -3 + 20. Suppose 5*y - p = 13. Suppose -y = -l - 0. What is the units digit of l?
6
Suppose 2*m - 10 = 4*m. Let j(b) = b**2 - 3*b - 7. What is the units digit of j(m)?
3
Suppose 0 = 3*i + 90 + 3. What is the tens digit of 2/(-2) - i/1?
3
Let h(u) = 0 - u**3 - 2 - 2*u - 7*u**2 - 3*u. Let v be h(-6). Let x = v + 16. What is the units digit of x?
8
Let g(a) = -2*a**3 - a**2 - 4*a - 1. What is the hundreds digit of g(-4)?
1
Let l(d) = -d**2 + 5*d - 3. Let w(t) = t**2 - 5*t + 3. Let p be 0/5 + 0 + 2. Let f(q) = p*l(q) + 3*w(q). What is the units digit of f(6)?
9
Suppose -2*n + 3*n - 32 = 0. What is the units digit of n?
2
Let j(o) = -o**2 + o**2 + 7*o + 2*o + o**2 - 10. What is the tens digit of j(-11)?
1
Let t(s) be the third derivative of s**5/60 + 5*s**4/24 + s**3 - s**2. Suppose 11 - 16 = h. What is the units digit of t(h)?
6
What is the tens digit of ((-70)/75)/7 + 4084/30?
3
What is the tens digit of -6*27/(-12)*2?
2
Suppose -2*a + 1 = -3*u, 4 = 3*a - 6*u + 4*u. Suppose -5 + 25 = a*i. What is the units digit of i?
0
Let z(t) = 13*t**2 + 2*t + 1. Let k be z(-1). Suppose -2*b + k = -0*b - 2*m, 0 = -m - 3. Let u = b + -2. What is the units digit of u?
1
Let a be 8/(-28) - 4/(-14). Suppose q - 5*n + 23 = a, 0 = q + 4*n + n - 17. What is the units digit of (7/3)/(q/(-9))?
7
Let m = 8 - 8. Suppose m*l - 26 = -2*l. What is the tens digit of l?
1
Suppose 2*u = -u. Suppose -18 = -f - u. Suppose f = 3*w - 2*w. What is the units digit of w?
8
Suppose -7*v + 17*v - 430 = 0. What is the tens digit of v?
4
Let f(d) = -d**3 + 6*d**2 - d + 2. Let s be f(6). What is the units digit of 4/s - (-2 + -1)?
2
Let s = 30 - 21. What is the units digit of s?
9
Let n = 2 + -1. Suppose -2*y + n + 1 = 0. What is the units digit of (-3)/(y + 28/(-22))?
1
Let n(s) = -2*s - 5. What is the units digit of n(-6)?
7
Suppose -2*w + 24 = w. Suppose 3*j = w*j - 50. What is the tens digit of j?
1
Let w = -3 + 12. What is the units digit of w?
9
Suppose -39 = 4*k - 7*k + 3*w, -4*w - 16 = 0. What is the units digit of k?
9
Suppose 4*a - 5*y + 7 = 0, -3*a + 12 = -y + 3*y. Suppose 7 = a*i - i. Suppose 4*s = -p + 37, 5*p + 22 = i. What is the units digit of s?
0
Suppose 25 = 4*n - 3*u - 4, -4*n + 5*u + 35 = 0. Suppose 0*a + n*a = -15. What is the tens digit of 682/55 - a/5?
1
Let z(w) be the third derivative of w**4/4 + 2*w**3/3 + 2*w**2. What is the tens digit of z(7)?
4
Suppose 31 = g - 3*j, -j - 23 = -4*g + 3*g. Suppose a = -0*b + 5*b - 61, -5*a = -3*b + g. What is the tens digit of b?
1
Let f be (-12)/(-72)*(7 + -1). Let r(x) = 12*x - 1. What is the tens digit of r(f)?
1
Let n(b) = b. Let v be n(2). Suppose z + 0*z - 3*i = 2, -4*z = v*i - 8. Suppose -5*m + z*o = -18, -o + 3*o + 2 = m. What is the units digit of m?
4
Let z(t) = t**2 + 7*t + 30. What is the units digit of z(-13)?
8
Suppose 2*p = -5*q + 748, -5*p = 3*q + 749 - 2581. What is the tens digit of p?
6
Let o be ((-2)/3)/((-2)/(-3)). Let p be (0 + 1 + o)/3. Suppose 2*v + 13 = 5*h, 2*v + p*h - 14 = -4*h. What is the units digit of v?
1
Suppose 3*b - 1 = -2*d - 2, 0 = -5*b - 4*d - 1. Let l = 4 + -3. What is the tens digit of l + -3 + (b - -13)?
1
Let g(r) = -r - 1. Let l be g(-1). Let v(f) = f + 31. What is the tens digit of v(l)?
3
Let p(v) be the third derivative of v**7/5040 + 7*v**6/360 + v**5/60 + v**2. Let s(c) be the third derivative of p(c). What is the units digit of 